-75. Calculate the greatest common factor of z and 20.
10
Let b = 29 + -20. Let z = b - 5. Calculate the greatest common factor of 4 and z.
4
Let v(p) = 4*p - 22. Let i be v(10). What is the greatest common factor of i and 27?
9
Let t be 850/(-14) - 6/21. Let c = -26 - t. Calculate the greatest common factor of c and 7.
7
Suppose 8*g - 5*g - 285 = 0. What is the greatest common factor of g and 19?
19
Let c = 145 - 129. Let q be 1 + ((-4)/(-2) - 1). Calculate the highest common factor of q and c.
2
Let m(p) = 2*p**3 - 3*p**2 - 4*p - 1. Let n be m(3). Let h be (45 + 0)*(136/20 + -4). Calculate the greatest common divisor of h and n.
14
Suppose 4*p - 27 = 5*p. Let v = p + 72. Calculate the highest common divisor of v and 5.
5
Suppose 3*g + 3 = 0, -5*g = -2*h + 197 - 32. Calculate the highest common factor of 60 and h.
20
Let o be (-2)/10 + (-183)/(-15). Let p be 39/2*8/o. Suppose 2*n = -4*z + 118 + 38, 4*z = 5*n + 156. What is the highest common factor of p and z?
13
Suppose 3*g - 40 = 20. Let h = g - 8. Calculate the highest common divisor of h and 24.
12
Let m = 18 - -4. Let h = -49 + 82. What is the highest common factor of h and m?
11
Suppose 3*m + 0*m = -2*d - 1, 11 = -3*d + 5*m. Let u be d/(-4*1/18). Let p be (-2)/(-4)*198/u. Calculate the highest common divisor of p and 44.
11
Suppose 140 = 7*d - 3*d. Let b = -18 - -25. Calculate the greatest common divisor of b and d.
7
Suppose 0*u - 3*m = 4*u - 11, -u - 6 = -m. Let b = 9 - u. What is the highest common factor of 30 and b?
10
Let t be -1 + (2 - -3) + 3. Suppose p = 2*p - t. Let g(k) = -k**2 + 7*k + 9. Let a be g(p). What is the greatest common divisor of 27 and a?
9
Let s be (-224)/(-3) - 2/3. Suppose -g + 30 = -x - 2*x, x = 3*g - s. Let j = 0 + g. What is the highest common factor of 36 and j?
12
Let o = 29 - 17. What is the greatest common divisor of o and 48?
12
Let a(p) = -5*p - 3. Let c be a(-2). Let l = 11 - c. Suppose l*d = -u + 60, 4*u + 20 = d - 12. What is the greatest common divisor of 64 and d?
16
Suppose 5*q - 17 = 28. Let u = -8 + 20. Suppose -2*g - u = -84. What is the highest common divisor of q and g?
9
Suppose -168 = -u - 34. Suppose -64 = -2*f + u. What is the highest common divisor of 11 and f?
11
Let s(k) be the second derivative of 3*k**5/20 - k**4/6 + k**3/6 - k**2 + 2*k. Let x be s(2). Let d = 24 - x. Calculate the highest common factor of 2 and d.
2
Suppose -81 = 5*f + 94. Let y be (-1)/5 + (-3857)/f. Calculate the highest common divisor of 44 and y.
22
Let j be 1/(1/25*-1). Let x = j + 36. Let i be (-219)/(-4) - (-2)/8. What is the greatest common factor of x and i?
11
Let i be 75*(-5)/(75/(-18)). Let j(m) = -m**2 - 2*m + 3. Let w be j(3). Let y = -2 - w. Calculate the greatest common factor of y and i.
10
Let o = 3 + 7. What is the greatest common factor of o and 80?
10
Let y(d) = d**2 + 5*d - 5. Let m be y(-6). What is the greatest common factor of 4 and m?
1
Let g = 11 - 4. Let w = 25 - 29. Let d be 27/9 - (0 + w). What is the greatest common divisor of g and d?
7
Let i(c) = -c**2 - c + 1. Let a(s) = -4*s**2 - 9*s. Let r(k) = a(k) - 5*i(k). Let t be r(-4). What is the highest common factor of t and 3?
3
Let m(p) = p**3 + p**2 + 2*p + 10. Let w be m(0). What is the greatest common divisor of 170 and w?
10
Suppose -4*g + 24 = 2*i, -4 = -0*g - 3*g + 2*i. Suppose -g*o = -708 - 92. Let u = o - 120. What is the greatest common divisor of 8 and u?
8
Suppose -5*y - 5*j + 90 = 0, 4*y - 63 = -0*y - j. Suppose y = 7*a - 2*a. Let n be 195/5*1/a. What is the highest common factor of 65 and n?
13
Suppose -4*i = 0, 2*t - i = -5*i + 272. Calculate the highest common factor of t and 17.
17
Let r = 156 - 20. Calculate the highest common factor of r and 17.
17
Let k be (10/2*1)/1. Let a(g) = 2*g**2 - 3*g - 7. Let u be a(k). Calculate the highest common divisor of 70 and u.
14
Suppose 3*g - 11 - 4 = 0. Let u be ((-8)/g)/((-4)/10). Let b = 42 + -30. What is the greatest common factor of u and b?
4
Let l(r) be the third derivative of -r**4/6 + 2*r**3/3 + 2*r**2. Let n be l(-5). Calculate the greatest common divisor of 60 and n.
12
Let w(y) = -4*y - 14. Let n be w(-6). Let q = n + -2. What is the greatest common divisor of q and 64?
8
Let g be 75 + ((-21)/(-3) - 4). Let l(c) = c**2 - 2*c + 4. Let y be l(-5). Suppose 2*j - y = 13. Calculate the highest common divisor of j and g.
26
Let w = -26 - -71. Let m be 0/1 + 9 + 0. What is the highest common factor of w and m?
9
Suppose 5*n = 17 + 3. Let i be 0/(-2*2/n). Suppose 4*y - 15 - 17 = i. What is the highest common factor of y and 40?
8
Let x(f) = f + 3. Let g be x(-5). Let u be 125/10 - g/(-4). Calculate the highest common divisor of 12 and u.
12
Let q(v) be the first derivative of 5*v**3/3 - 2*v**2 + 3*v - 4. Let s be q(2). What is the greatest common factor of s and 10?
5
Let l(a) = 10*a - 30. Let x be l(5). Calculate the greatest common factor of 15 and x.
5
Let m(q) = q**3 + q**2 + q - 1. Let h be m(1). Let g be 2 + (-2)/(-1) + -3. Calculate the greatest common factor of g and h.
1
Let l(z) = -z + 4. Let k be l(3). Suppose h + 32 = -3*h - 4*t, 10 = h - 5*t. Let u = h - -16. Calculate the greatest common factor of k and u.
1
Let o = -96 - -229. Suppose 0 = 2*w - 14 - 24. What is the highest common factor of o and w?
19
Let x = -29 - -55. Calculate the greatest common divisor of 234 and x.
26
Suppose -3*y + 10 = -u, -y + 0*y - 10 = -3*u. Calculate the greatest common divisor of u and 15.
5
Suppose 2*r - 30 - 6 = 0. Suppose -4*u + 56 + 88 = 0. Calculate the greatest common factor of u and r.
18
Let h be 42/(28/(-6) + 4 - -1). Calculate the highest common factor of h and 18.
18
Let j = -30 + 264. What is the highest common divisor of j and 26?
26
Let u(k) = 7 + 0 - k**2 + 4 + k - 1 + k**3. Let x be u(0). Calculate the greatest common divisor of 50 and x.
10
Let s be -4 + 6*28/6. Calculate the highest common divisor of 8 and s.
8
Let v = -218 + 230. What is the greatest common divisor of 8 and v?
4
Let u(i) = i**2 - 1. Let g be u(2). Let b(d) = -d**3 + 3*d**2 - d + 4. Let s be b(g). What is the greatest common divisor of s and 10?
1
Suppose 0 = -6*t + 4 + 140. Calculate the highest common divisor of 24 and t.
24
Suppose -2*m + 6 + 72 = 0. Calculate the highest common divisor of 312 and m.
39
Let n(y) = y**3 + y**2 - y + 1. Let f be n(2). Calculate the greatest common factor of f and 77.
11
Suppose 12 + 8 = -5*m. Let c be 2/m - 129/(-2). Suppose p - 16 = -p. Calculate the highest common factor of p and c.
8
Suppose -3*i + 33 = -3*x, -3*x + 13 = i - 5*x. Suppose 3*a + 99 = -0*m + 3*m, a - 3 = 0. Calculate the greatest common factor of i and m.
9
Suppose -5*d + 9*v - 4*v + 110 = 0, 5*d + 2*v = 103. Let a(f) = -f - 2. Let w be a(-4). Suppose w*g - d = 159. What is the highest common divisor of g and 9?
9
Let f = -53 - -88. Calculate the highest common divisor of 175 and f.
35
Suppose -36 = -5*u + 2*c - 5*c, 0 = -3*u + 5*c + 8. Calculate the highest common divisor of u and 4.
2
Let o = -15 - -7. Let a = 34 + o. What is the greatest common divisor of a and 13?
13
Let t = 11 - 5. Let k be (4/t)/(2/9). Suppose 3*d - 15 = 3*m + 42, 5*m = 4*d - 80. Calculate the highest common divisor of d and k.
3
Suppose -n = 6*n - 77. Calculate the highest common divisor of n and 55.
11
Suppose -44 = 3*h - 4*h. Calculate the highest common divisor of h and 22.
22
Suppose 2*z = 3*k + 72, 0*z = -2*k + 2*z - 50. Let p be (k/(-6))/((-8)/(-48)). What is the highest common divisor of p and 242?
22
Let p be 86 - ((-9)/(-3))/(-3). Suppose -4*d = -d - p. Suppose 0 = -2*q - 1 + d. What is the highest common divisor of 70 and q?
14
Let j be 1/(-1) - (-47 + -10). Calculate the highest common divisor of 84 and j.
28
Let f(r) = -r**2 - 2*r - 4. Let g be f(-3). Let p be 1/(-3) - g/3. Let i be 1/(-1)*(-105 - 3)/6. Calculate the greatest common divisor of i and p.
2
Let s(l) = -l**3 + 6*l**2 + 13*l - 24. Let n be s(7). Calculate the highest common factor of n and 36.
18
Let y be 84*((-2)/4)/(-1). Suppose -4*i + 2*h = -h - 261, i - 51 = -4*h. What is the highest common divisor of i and y?
21
Let g be 26/10 + (-16)/(-40). Suppose 4*u - g*u = 7. What is the greatest common divisor of 56 and u?
7
Let m be ((-2)/(-3))/((-4)/(-84)). Let r = -7 + m. Let x(y) = -y**2 - 7*y - 5.